
5, 7, 4567, 8461
What are the prime factors of 84687402?
2, 3, 97, 145511
What are the prime factors of 656413406?
2, 11, 19, 31, 179, 283
What are the prime factors of 88041837?
3, 13, 2257483
List the prime factors of 28149105.
3, 5, 1876607
List the prime factors of 60609572.
2, 241, 62873
What are the prime factors of 327739940?
2, 5, 11, 17, 87631
What are the prime factors of 106889689?
106889689
List the prime factors of 98023538.
2, 29, 41, 41221
What are the prime factors of 277156979?
11, 47, 536087
What are the prime factors of 93261264?
2, 3, 1942943
What are the prime factors of 160295499?
3, 7, 13, 17, 29, 397
List the prime factors of 1817919407.
107, 2687, 6323
What are the prime factors of 232594555?
5, 109, 426779
List the prime factors of 2271884279.
7, 6101, 53197
List the prime factors of 653565438.
2, 3, 36309191
What are the prime factors of 167536014?
2, 3, 27922669
List the prime factors of 100622040.
2, 3, 5, 838517
List the prime factors of 237816324.
2, 3, 244667
List the prime factors of 290021027.
31, 9355517
List the prime factors of 98345199.
3, 32781733
List the prime factors of 183508016.
2, 733, 15647
What are the prime factors of 87297271?
31, 479, 5879
What are the prime factors of 158936500?
2, 5, 41, 7753
What are the prime factors of 71366155?
5, 7, 37, 55109
List the prime factors of 124805118.
2, 3, 20800853
What are the prime factors of 36290252?
2, 29, 269, 1163
What are the prime factors of 35306438?
2, 17653219
What are the prime factors of 94251447?
3, 23, 455321
List the prime factors of 152360749.
17, 563, 15919
List the prime factors of 7136982.
2, 3, 373, 1063
List the prime factors of 7983308.
2, 1995827
What are the prime factors of 1108814641?
11, 43, 149, 15733
List the prime factors of 106430229.
3, 19, 622399
List the prime factors of 93574750.
2, 5, 374299
What are the prime factors of 1350624041?
13, 17, 1607, 3803
List the prime factors of 128034107.
877, 145991
What are the prime factors of 36126757?
36126757
List the prime factors of 140432604.
2, 3, 13, 31, 71, 409
List the prime factors of 3524604403.
3524604403
What are the prime factors of 92994323?
92994323
List the prime factors of 692390674.
2, 2053, 168629
What are the prime factors of 46192300?
2, 5, 7, 11, 857
What are the prime factors of 63601296?
2, 3, 11, 163, 739
What are the prime factors of 968218427?
11, 88019857
List the prime factors of 253139613.
3, 307, 274853
What are the prime factors of 876466670?
2, 5, 87646667
What are the prime factors of 1148990206?
2, 7, 13, 523, 12071
What are the prime factors of 308469305?
5, 61693861
List the prime factors of 1237226820.
2, 3, 5, 3121, 6607
List the prime factors of 1224025476.
2, 3, 2239, 45557
What are the prime factors of 234337962?
2, 3, 17, 149, 907
List the prime factors of 3519672515.
5, 139, 5064277
What are the prime factors of 18737247?
3, 17, 367397
List the prime factors of 17458824.
2, 3, 727451
What are the prime factors of 2282904387?
3, 31, 8182453
What are the prime factors of 394982017?
71, 5563127
What are the prime factors of 168396495?
3, 5, 31, 362143
List the prime factors of 774954404.
2, 7, 3953849
List the prime factors of 3731104480.
2, 5, 19, 1227337
List the prime factors of 591243776.
2, 137, 8429
What are the prime factors of 396295677?
3, 2131, 20663
What are the prime factors of 286861711?
61, 509, 9239
What are the prime factors of 1664658884?
2, 7, 59452103
What are the prime factors of 417118783?
17, 431, 56929
List the prime factors of 2910295039.
2910295039
What are the prime factors of 23004408?
2, 3, 7, 149, 919
List the prime factors of 530791529.
37, 14345717
What are the prime factors of 11118619?
307, 36217
List the prime factors of 2120451439.
61, 263, 132173
List the prime factors of 385320769.
385320769
What are the prime factors of 113945687?
1223, 93169
List the prime factors of 1120173373.
11, 1801, 56543
List the prime factors of 28185367.
7, 71, 56711
List the prime factors of 188120852.
2, 47030213
List the prime factors of 93137466.
2, 3, 15522911
List the prime factors of 9357406.
2, 4678703
What are the prime factors of 3909459836?
2, 19, 109, 471929
List the prime factors of 111455283.
3, 47, 619, 1277
List the prime factors of 6902236.
2, 11, 103, 1523
List the prime factors of 4002651907.
15461, 258887
What are the prime factors of 370155116?
2, 1901, 48679
What are the prime factors of 171332419?
171332419
What are the prime factors of 726253643?
2441, 297523
List the prime factors of 12969321.
3, 47, 59, 1559
What are the prime factors of 20216224?
2, 7, 12893
List the prime factors of 103448886.
2, 3, 17241481
What are the prime factors of 4857853?
7, 11, 13, 23, 211
List the prime factors of 71946997.
1607, 44771
What are the prime factors of 65249812?
2, 137, 119069
What are the prime factors of 662737961?
139, 4767899
List the prime factors of 40742361.
3, 11, 23, 29, 617
List the prime factors of 1605844333.
3299, 486767
List the prime factors of 266696109.
3, 23, 107, 12041
List the prime factors of 38094687.
3, 4232743
List the prime factors of 93922605.
3, 5, 7, 19, 5231
List the prime factors of 39198249.
3, 483929
List the prime factors of 3402900872.
2, 7, 2767, 21961
What are the prime factors of 98596129?
98596129
What are the prime factors of 40932678?
2, 3, 41, 166393
What are the prime factors of 1381158519?
3, 13, 35414321
What are the prime factors of 76662255?
3, 5, 5110817
List the prime factors of 4424099272.
2, 553012409
What are the prime factors of 77720432?
2, 4857527
What are the prime factors of 67096483?
67096483
What are the prime factors of 70773591?
3, 7, 109, 631
List the prime factors of 212270449.
17, 251, 49747
What are the prime factors of 1361711229?
3, 41, 43, 79, 3259
List the prime factors of 508229158.
2, 254114579
What are the prime factors of 71525427?
3, 23841809
What are the prime factors of 141787711?
13, 10906747
List the prime factors of 8766007.
8766007
List the prime factors of 1744111180.
2, 5, 7, 37, 109, 3089
List the prime factors of 37713336.
2, 3, 79, 19891
List the prime factors of 3282523538.
2, 7, 234465967
What are the prime factors of 584572248?
2, 3, 13, 409, 509
List the prime factors of 28489043.
11, 2589913
List the prime factors of 82469704.
2, 1193, 8641
List the prime factors of 759035817.
3, 84337313
What are the prime factors of 736536515?
5, 11, 13, 1030121
List the prime factors of 271773824.
2, 7, 53, 59, 97
What are the prime factors of 4973479305?
3, 5, 107, 3098741
What are the prime factors of 125584907?
7, 193, 92957
What are the prime factors of 1712655496?
2, 214081937
What are the prime factors of 239393396?
2, 11, 5440759
What are the prime factors of 2219291?
349, 6359
List the prime factors of 173406768.
2, 3, 19, 107, 1777
What are the prime factors of 9984792?
2, 3, 97, 4289
List the prime factors of 151082895.
3, 5, 29, 347317
List the prime factors of 41833985.
5, 149, 233, 241
List the prime factors of 1960561788.
2, 3, 17, 829, 11593
List the prime factors of 214701843.
3, 19, 3766699
What are the prime factors of 4130822080?
2, 5, 7, 11, 23, 37, 197
What are the prime factors of 1599419147?
463, 3454469
List the prime factors of 610276014.
2, 3, 419, 80917
What are the prime factors of 1794214688?
2, 7, 19, 29, 14537
What are the prime factors of 33815674?
2, 241, 70157
What are the prime factors of 187156295?
5, 37431259
List the prime factors of 33265181.
19, 179, 9781
What are the prime factors of 1678770?
2, 3, 5, 23, 811
List the prime factors of 990257795.
5, 683, 289973
List the prime factors of 3547441.
17, 208673
List the prime factors of 939457508.
2, 11, 19, 199, 5647
What are the prime factors of 60369217?
60369217
What are the prime factors of 1550251165?
5, 17, 727, 25087
What are the prime factors of 104199779?
104199779
List the prime factors of 383359328.
2, 11, 251, 4339
List the prime factors of 989859870.
2, 3, 5, 103, 106781
What are the prime factors of 468331189?
43, 107, 101789
List the prime factors of 3228015305.
5, 2267, 284783
List the prime factors of 489837274.
2, 101, 2424937
What are the prime factors of 769624670?
2, 5, 181, 425207
What are the prime factors of 82070389?
383, 21